{"id":13,"date":"2020-07-10T14:54:50","date_gmt":"2020-07-10T14:54:50","guid":{"rendered":"https:\/\/tradunautas.ulpgc.es\/?page_id=13"},"modified":"2021-12-18T16:27:17","modified_gmt":"2021-12-18T16:27:17","slug":"acerca-de","status":"publish","type":"page","link":"https:\/\/tradunautas.ulpgc.es\/index.php\/acerca-de\/","title":{"rendered":"Acerca de nosotros"},"content":{"rendered":"\n<div class=\"wp-block-image animated tada delay-2s slow\"><figure class=\"aligncenter size-large is-resized\"><img loading=\"lazy\" src=\"https:\/\/tradunautas.ulpgc.es\/wp-content\/uploads\/2020\/07\/descarga-1-1.png\" alt=\"\" class=\"wp-image-141\" width=\"478\" height=\"357\"\/><\/figure><\/div>\n\n\n\n<hr class=\"wp-block-separator has-text-color has-background has-vivid-red-background-color has-vivid-red-color is-style-default\"\/>\n\n\n\n<p class=\"has-text-align-center\" style=\"font-size:18px\">\u00a1Hola! Mi nombre es <strong>Braulio Torres Martel<\/strong>, soy licenciado en Traducci\u00f3n; traductor-int\u00e9rprete jurado nombrado por el Ministerio de Asuntos Exteriores, Uni\u00f3n Europea y Cooperaci\u00f3n; y profesor de ingl\u00e9s en la Universidad de Las Palmas de Gran Canaria. Tambi\u00e9n estudi\u00e9 Ingenier\u00eda Inform\u00e1tica y Psicolog\u00eda (estudios no concluidos). <\/p>\n\n\n\n<p class=\"has-text-align-center\" style=\"font-size:18px\">Ilusionista en mis ratos libres y con esp\u00edritu <em>gamer<\/em>. Todo desemboca en la innovaci\u00f3n docente y la aplicaci\u00f3n de las TIC (Tecnolog\u00edas de la Informaci\u00f3n y la Comunicaci\u00f3n) en el aula. De ah\u00ed, mi predilecci\u00f3n por la \u00abgamificaci\u00f3n\u00bb y el \u00ab<em>happy brain<\/em>\u00bb como enfoques educaci\u00f3n.<\/p>\n\n\n\n<div class=\"wp-container-1 wp-block-group\"><div class=\"wp-block-group__inner-container\"><\/div><\/div>\n","protected":false},"excerpt":{"rendered":"<p>\u00a1Hola! Mi nombre es Braulio Torres Martel, soy licenciado en Traducci\u00f3n; traductor-int\u00e9rprete jurado nombrado por el Ministerio de Asuntos Exteriores, Uni\u00f3n Europea y Cooperaci\u00f3n; y profesor de ingl\u00e9s en la Universidad de Las Palmas de Gran Canaria. Tambi\u00e9n estudi\u00e9 Ingenier\u00eda Inform\u00e1tica y Psicolog\u00eda (estudios no concluidos). Ilusionista en mis ratos libres y con esp\u00edritu gamer.<\/p>\n","protected":false},"author":1,"featured_media":0,"parent":0,"menu_order":0,"comment_status":"closed","ping_status":"closed","template":"","meta":[],"_links":{"self":[{"href":"https:\/\/tradunautas.ulpgc.es\/index.php\/wp-json\/wp\/v2\/pages\/13"}],"collection":[{"href":"https:\/\/tradunautas.ulpgc.es\/index.php\/wp-json\/wp\/v2\/pages"}],"about":[{"href":"https:\/\/tradunautas.ulpgc.es\/index.php\/wp-json\/wp\/v2\/types\/page"}],"author":[{"embeddable":true,"href":"https:\/\/tradunautas.ulpgc.es\/index.php\/wp-json\/wp\/v2\/users\/1"}],"replies":[{"embeddable":true,"href":"https:\/\/tradunautas.ulpgc.es\/index.php\/wp-json\/wp\/v2\/comments?post=13"}],"version-history":[{"count":45,"href":"https:\/\/tradunautas.ulpgc.es\/index.php\/wp-json\/wp\/v2\/pages\/13\/revisions"}],"predecessor-version":[{"id":457,"href":"https:\/\/tradunautas.ulpgc.es\/index.php\/wp-json\/wp\/v2\/pages\/13\/revisions\/457"}],"wp:attachment":[{"href":"https:\/\/tradunautas.ulpgc.es\/index.php\/wp-json\/wp\/v2\/media?parent=13"}],"curies":[{"name":"wp","href":"https:\/\/api.w.org\/{rel}","templated":true}]}}